303*p**2 - 1217*p - 68839. What is q(-154)?
-1
Let n(l) = -l**3 - 69*l**2 - 591*l + 107. Determine n(-10).
117
Let d(n) = -3953*n + 419022. Determine d(106).
4
Let s(a) = -a**3 - 117*a**2 - 2225*a + 319. What is s(-93)?
-332
Let w(v) = 2*v**3 + 55*v**2 + 108*v - 532. Give w(-25).
-107
Let w(i) = 6181*i - 142158. Determine w(23).
5
Let u(j) = -j**3 + 76*j**2 - 221*j + 190. What is u(73)?
44
Let g(i) = 2*i**3 + 33*i**2 - 226*i - 4139. What is g(-14)?
5
Let n(f) = 55*f**2 - 2*f + 66. What is n(0)?
66
Let o(i) = i**3 - 76*i**2 + 184*i - 5289. What is o(74)?
-2625
Let h(z) = z**3 + 12*z**2 - 203*z - 2236. Give h(-16).
-12
Let d(o) = -19*o**2 - 787*o + 4363. Give d(5).
-47
Let u(p) = 199*p + 2655. What is u(-10)?
665
Let y(t) = -t**3 + 134*t**2 - 351*t - 5821. What is y(131)?
-319
Let o(d) = 108*d - 4504. Determine o(42).
32
Let o(s) = -s**3 - 75*s**2 + 3025*s + 877. Calculate o(-104).
-59
Let s(g) = 5559*g - 44539. Calculate s(8).
-67
Let u(d) = -d**2 - 667*d + 12075. Determine u(18).
-255
Let d(x) = 30252*x - 90523. Give d(3).
233
Let b(i) = -i**2 - 369*i + 9328. Give b(24).
-104
Let x(c) = -122*c - 852. Determine x(-7).
2
Let s(h) = -117*h - 882. What is s(-25)?
2043
Let j(m) = -77*m**2 - 1298*m + 180. Give j(-17).
-7
Let c(j) = -40021*j - 40049. Give c(-1).
-28
Let u(g) = 4*g**2 - 226*g - 1812. Determine u(67).
1002
Let s(l) = -2*l**3 + 51*l**2 + 2617*l - 66047. What is s(25)?
3
Let r(u) = 2*u**3 - 21*u**2 - 1678*u - 1388. Determine r(35).
-93
Let g(p) = p**2 - 271*p - 6076. Calculate g(-21).
56
Let u(a) = -55*a**3 + 12*a**2 + 2504*a + 2493. What is u(-1)?
56
Let k(s) = -2*s**2 + 1583*s + 48096. Determine k(-29).
507
Let y(n) = 74789*n - 1346177. Calculate y(18).
25
Let h(a) = -1350*a**2 - 32399*a + 9. Calculate h(-24).
-15
Let u(c) = 13334*c - 38685. Calculate u(3).
1317
Let i(n) = -n**3 + 39*n**2 - 341*n + 244. Calculate i(30).
-1886
Let p(a) = 1137*a**2 + 28429*a - 46. What is p(-25)?
-146
Let o(y) = -6*y**2 + 8317*y + 58527. Give o(-7).
14
Let h(j) = j**2 - 284*j + 20004. What is h(120)?
324
Let r(m) = -2*m**2 - 12*m + 10646. Give r(-75).
296
Let c(h) = -3190*h - 577379. What is c(-181)?
11
Let s(b) = -3*b**3 - 19*b**2 + 639*b + 282. Determine s(12).
30
Let p(n) = 114*n - 4031. Determine p(36).
73
Let f(q) = 10390*q + 1246758. Calculate f(-120).
-42
Let h(p) = 9*p**2 - 57*p + 599. Give h(10).
929
Let p(m) = 3*m**2 + 400*m + 76. Determine p(-135).
751
Let k(d) = 1060*d - 31787. Give k(30).
13
Let a(q) = -10938*q - 590633. Calculate a(-54).
19
Let b(a) = 99359*a - 99352. Determine b(1).
7
Let u(j) = -j**3 - 119*j**2 - 1557*j + 321. Determine u(-104).
9
Let d(t) = t**2 + 361836*t + 2894638. Give d(-8).
14
Let r(k) = -k**3 + 40*k**2 + 12*k - 8627. What is r(21)?
4
Let v(h) = -110395*h + 1103960. Calculate v(10).
10
Let w(z) = z**3 - 18*z**2 + 277*z - 6313. Determine w(20).
27
Let c(d) = -1379947*d - 4139852. Give c(-3).
-11
Let q(c) = 1574*c + 7920. What is q(-5)?
50
Let j(w) = 289*w**3 - 1446*w**2 + 16*w - 51. Give j(5).
4
Let h(x) = -1590*x + 182864. Calculate h(115).
14
Let h(v) = 16*v**2 - 266*v - 1716. Give h(-5).
14
Let p(k) = -6*k**2 + 3495*k - 484972. Give p(228).
-16
Let w(d) = -d**3 + 48*d**2 + 2015*d - 279. What is w(-27)?
-9
Let q(a) = -a**3 + 81*a**2 + 180*a - 20366. Determine q(80).
434
Let y(c) = 3*c**3 + 77*c**2 + 140*c + 484. Calculate y(-24).
4
Let t(y) = -30*y**2 + 519*y + 2623. Calculate t(-5).
-722
Let a(h) = 10121*h - 850144. Determine a(84).
20
Let y(h) = -38239*h + 5582887. Determine y(146).
-7
Let m(g) = 3*g**2 - 268*g + 4620. What is m(66)?
0
Let c(z) = -5*z**3 - 770*z**2 - 21*z - 3353. Give c(-154).
-119
Let a(h) = -12*h**2 - 2419*h - 68368. Calculate a(-34).
6
Let t(s) = 6*s**2 - 242*s - 312. Calculate t(43).
376
Let c(s) = -16859*s + 370908. What is c(22)?
10
Let q(w) = 948*w + 771. What is q(-1)?
-177
Let q(f) = 8110*f + 243293. What is q(-30)?
-7
Let s(v) = 721*v - 240948. Determine s(334).
-134
Let g(s) = 4920316*s - 39362535. Determine g(8).
-7
Let s(r) = -200*r - 3149. What is s(-14)?
-349
Let i(h) = 78*h + 10546. Give i(-113).
1732
Let w(l) = l**2 - 144*l - 783. What is w(147)?
-342
Let w(n) = n**2 + 845*n - 71987. What is w(78)?
7
Let w(f) = 7*f**2 + 1825*f + 10795. Give w(-6).
97
Let d(r) = 17*r**3 - 202*r**2 + 97*r - 1363. What is d(12)?
89
Let k(s) = -s**3 + 505*s**2 - 3016*s + 126. What is k(6)?
-6
Let s(j) = -360*j - 4227. What is s(-15)?
1173
Let d(w) = w**3 - 111*w**2 - 202*w + 10116. What is d(112)?
36
Let y(s) = -63*s**2 - 556*s + 78. Give y(-9).
-21
Let m(v) = 32*v**2 + 164*v + 818. What is m(-5)?
798
Let v(q) = 1057*q + 27398. Give v(-26).
-84
Let a(f) = 177*f - 9254. Determine a(53).
127
Let c(l) = -10*l**3 - 18*l**2 + 151*l - 765. Give c(5).
-1710
Let p(r) = 4723*r + 109813. Calculate p(-23).
1184
Let s(m) = -m**2 + 11650*m + 315298. Calculate s(-27).
19
Let z(s) = -1078*s + 5331. Calculate z(5).
-59
Let k(g) = 2*g**2 - 282*g + 4720. Calculate k(122).
84
Let q(o) = -17*o**2 + 19*o + 194. Determine q(-6).
-532
Let j(k) = 5959*k + 2484892. Give j(-417).
-11
Let p(w) = -930*w**2 + 90188*w + 2140. What is p(97)?
6
Let k(r) = r**3 - 25*r**2 - 1974*r + 38511. What is k(19)?
-1161
Let z(j) = 2*j**3 - 118*j**2 - 124*j + 220. What is z(60)?
-20
Let z(w) = -2*w**2 - 1784*w + 96159. Determine z(51).
-27
Let l(z) = 36*z**2 - 96*z + 815. What is l(9)?
2867
Let a(n) = n**2 + 411*n + 19626. What is a(-54)?
348
Let h(t) = -t**3 + 6*t**2 + 2426*t + 14114. Give h(-6).
-10
Let h(d) = 19*d**2 - 227*d - 2076. Calculate h(-12).
3384
Let o(x) = 66*x**3 - 2112*x**2 - 12*x + 390. Give o(32).
6
Let g(b) = -24*b**3 - 8*b**2 + 5*b + 45. Give g(-2).
195
Let d(t) = 232*t**2 + 369*t + 119. Determine d(-1).
-18
Let b(k) = -134*k**2 + 45014*k + 3405. What is b(336)?
45
Let j(z) = z**3 + 206*z**2 + 1461*z + 484. Give j(-7).
8
Let z(k) = 19829*k - 456051. What is z(23)?
16
Let s(f) = 161*f - 3232. Determine s(21).
149
Let k(m) = 651*m + 4764. Give k(-8).
-444
Let b(a) = 349*a**2 + 1260*a + 3804. Calculate b(-3).
3165
Let o(w) = -40130*w + 120282. Determine o(3).
-108
Let x(w) = -2971*w - 5980. Give x(-2).
-38
Let u(m) = 1458*m - 2438. What is u(2)?
478
Let c(z) = 2*z**3 - 11*z**2 - 4*z - 22. Calculate c(4).
-86
Let i(t) = 1579*t - 53842. What is i(34)?
-156
Let c(x) = 65*x**2 - 57*x + 46. What is c(1)?
54
Let c(u) = -1493*u + 7383. Give c(4).
1411
Let m(v) = 133*v**2 + 33572*v - 33573. Calculate m(1).
132
Let s(t) = -104758*t - 104747. Calculate s(-1).
11
Let f(t) = 31*t**2 + 1745*t + 507. Calculate f(-56).
3
Let t(s) = 831495*s - 8314982. What is t(10)?
-32
Let f(l) = -236*l**2 + 175*l - 16. What is f(1)?
-77
Let r(p) = -17*p**2 - 36*p + 4699. Determine r(0).
4699
Let x(c) = c**3 - 118*c**2 - 241*c + 68. Give x(120).
-52
Let b(w) = 9*w**3 + 956*w**2 + 208*w - 429. Give b(-106).
-5
Let l(i) = -31*i + 1956. Calculate l(71).
-245
Let c(d) = -d**3 + 693*d**2 - 63653*d - 1764. Give c(584).
-12
Let a(f) = f**2 + 12970*f - 90866. Calculate a(7).
-27
Let x(t) = -141*t + 5960. Give x(47).
-667
Let z(t) = 19*t**3 - 2432*t**2 - 104*t + 13482. What is z(128)?
170
Let b(d) = -7*d**2 + 987*d + 4954. What is b(148)?
-2298
Let n(a) = -a**3 + 10*a**2 - 7*a + 357. What is n(12)?
-15
Let r(o) = 621*o - 564. Calculate r(1).
57
Let j(g) = -418*g + 79332. Determine j(190).
-88
Let x(g) = 5*g**2 - 161*g - 1281. Calculate x(43).
1041
Let a(z) = -3*z**2 + 307*z + 11263. Calculate a(131).
-3
Let q(r) = -2*r**3 + 70*r**2 - 128*r + 67. Calculate q(32).
2115
Let j(h) = 148420*h - 1929452. Give j(13).
8
Let x(y) = 2*y**2 + 129*y + 157. Calculate x(-71).
1080
Let u(w) = -12*w**3 - 1477*w**2 - 59*w + 7871. What is u(-123)?
-1
Let y(o) = -458*o**3 + 1393*o**2 - 1382*o - 12. Determine y(1).
-459
Let i(s) = s**3 + 23*s**2 + 110*s + 355. What is i(-18)?
-5
Let y(i) = -4*i**3 - 47*i**2 + 318*i - 2370. Calculate y(-18).
6
Let u(j) = -1051*j + 80934. Calculate u(77).
7
Let i(q) = q**3 - 9*q**2 + 45*q + 298. Give i(-4).
-90
Let s(x) = x**2 + 152*x + 4618. Calculate s(-63).
-989
Let p(x) = 3*x**3 - 601*x**2 - 480*x + 132. What is p(-1)?
8
Let g(j) = 23*j**3 - 6*j**2 + 5*j + 1. Determine g(2).
171
Let z(u) = 20*u**2 + 906*u + 41. Determine z(-45).
-229
Let n(m) = -243*m + 1943. Calculate n(10).
-487
Let k(j) = 2*j**3 - 2*j**2 + 52*j - 74. What is k(7)?
878
Let z(m) =